{"id":353,"date":"2019-03-03T18:57:24","date_gmt":"2019-03-03T17:57:24","guid":{"rendered":"http:\/\/www.sp1wschowa.pl\/?page_id=353"},"modified":"2023-10-05T18:01:34","modified_gmt":"2023-10-05T16:01:34","slug":"o-nas","status":"publish","type":"page","link":"https:\/\/www.sp1wschowa.pl\/?page_id=353","title":{"rendered":"O nas"},"content":{"rendered":"\r\n<h2 class=\"wp-block-heading\">Szkolne Centrum Informacji\u00a0<\/h2>\r\n\r\n\r\n\r\n<p style=\"text-align: center;\"><span style=\"font-size: 20px;\"><strong><span style=\"color: #0000ff;\"><em>&#8222;<span style=\"font-family: trebuchet ms, geneva, sans-serif;\">Czytanie ksi\u0105\u017cek to najlepsza zabawa, jak\u0105 sobie ludzko\u015b\u0107 wymy\u015bli\u0142a<\/span><\/em><em>&#8222;<\/em><\/span><\/strong><\/span><\/p>\r\n<p style=\"text-align: right;\"><em>Wis\u0142awa Szymborska<\/em><\/p>\r\n<p><em>Godziny otwarcia biblioteki:<\/em><em>\u00a0 <\/em><\/p>\r\n\r\n\r\n\r\n<p><strong><span style=\"font-family: tahoma, arial, helvetica, sans-serif;\">\u00b7\u00a0\u00a0\u00a0\u00a0\u00a0 Poniedzia\u0142ek \u00a0\u00a0\u00a0\u00a0\u00a0 7.30 &#8211; 15.00<br \/><\/span><\/strong><\/p>\r\n<p><strong><span style=\"font-family: tahoma, arial, helvetica, sans-serif;\">\u00b7\u00a0\u00a0\u00a0\u00a0\u00a0 Wtorek\u00a0\u00a0\u00a0\u00a0\u00a0\u00a0 \u00a0 \u00a0 \u00a0\u00a0 7.30 &#8211; 15.15<\/span><\/strong><\/p>\r\n<p><strong><span style=\"font-family: tahoma, arial, helvetica, sans-serif;\">.\u00a0\u00a0\u00a0\u00a0\u00a0 \u015aroda\u00a0\u00a0\u00a0\u00a0\u00a0\u00a0\u00a0\u00a0\u00a0\u00a0\u00a0\u00a0\u00a0\u00a0\u00a0 7.30 &#8211; 14.30<\/span><\/strong><\/p>\r\n<p><strong><span style=\"font-family: tahoma, arial, helvetica, sans-serif;\">.\u00a0\u00a0\u00a0\u00a0\u00a0 Czwartek\u00a0\u00a0\u00a0\u00a0\u00a0\u00a0\u00a0\u00a0\u00a0\u00a0 7.30 &#8211; 14.30<\/span><\/strong><\/p>\r\n<p><span style=\"font-family: tahoma, arial, helvetica, sans-serif;\"><strong>\u00b7\u00a0\u00a0\u00a0\u00a0\u00a0 Pi\u0105tek\u00a0 \u00a0\u00a0\u00a0\u00a0 \u00a0 \u00a0 \u00a0\u00a0\u00a0 7.30 &#8211; 12.45 , 13.30 &#8211; 14.30<\/strong><br \/><\/span><\/p>\r\n<p><em>Serdecznie zapraszamy do korzystania z naszych zbior\u00f3w.\u00a0<\/em><\/p>\r\n\r\n\r\n\r\n\r\n\r\n\r\n\r\n<p style=\"text-align: justify;\"><span style=\"font-family: tahoma, arial, helvetica, sans-serif;\">Pocz\u0105tki biblioteki wi\u0105\u017c\u0105 si\u0119 z powstaniem w 1963 roku budynku Szko\u0142y Podstawowej nr 1 (szko\u0142y 1000-lecia).<\/span><br \/><span style=\"font-family: tahoma, arial, helvetica, sans-serif;\">W 1999 roku rozpocz\u0105\u0142 si\u0119 proces przekszta\u0142cania biblioteki w Szkolne Centrum Informacyjne. D\u0105\u017cymy do udzielania informacji szybkiej, pe\u0142nej i na ka\u017cdy temat. Tworzymy sprawny, wygodny dla czytelnika aparat informacyjny. Staramy si\u0119 wychodzi\u0107 naprzeciw oczekiwaniom i wymaganiom uczni\u00f3w, rodzic\u00f3w, nauczycieli.<\/span><br \/><span style=\"font-family: tahoma, arial, helvetica, sans-serif;\">Propagujemy ksi\u0105\u017cki i czytelnictwo poprzez:<\/span><br \/><br \/>1. Konkursy czytelnicze<br \/>&#8211; afiszowe<br \/>&#8211; turnieje wiedzy<br \/>&#8211; plastyczne<br \/>&#8211; regionalne<br \/><br \/>2. Wystawy ksi\u0105\u017cek i innych dokument\u00f3w<br \/>&#8211; tematyczne<br \/>&#8211; okoliczno\u015bciowe<br \/>&#8211; przybli\u017caj\u0105ce sylwetki autor\u00f3w<br \/>&#8211; nowo\u015bci<br \/>&#8211; regionalne<br \/><br \/><\/p>\r\n<p style=\"text-align: center;\"><span style=\"font-family: trebuchet ms, geneva, sans-serif; font-size: 20px; color: #0000ff;\">Biblioteka jest miejscem przyjaznym i zawsze jeste\u015b w niej mile widziany.<\/span><\/p>\r\n","protected":false},"excerpt":{"rendered":"<p>Szkolne Centrum Informacji\u00a0 &#8222;Czytanie ksi\u0105\u017cek to najlepsza zabawa, jak\u0105 sobie ludzko\u015b\u0107 wymy\u015bli\u0142a&#8222; Wis\u0142awa Szymborska Godziny otwarcia biblioteki:\u00a0 \u00b7\u00a0\u00a0\u00a0\u00a0\u00a0 Poniedzia\u0142ek \u00a0\u00a0\u00a0\u00a0\u00a0 7.30 &#8211; 15.00 \u00b7\u00a0\u00a0\u00a0\u00a0\u00a0 Wtorek\u00a0\u00a0\u00a0\u00a0\u00a0\u00a0 \u00a0 \u00a0 \u00a0\u00a0 7.30 &#8211; 15.15 .\u00a0\u00a0\u00a0\u00a0\u00a0 \u015aroda\u00a0\u00a0\u00a0\u00a0\u00a0\u00a0\u00a0\u00a0\u00a0\u00a0\u00a0\u00a0\u00a0\u00a0\u00a0 7.30 &#8211; 14.30 .\u00a0\u00a0\u00a0\u00a0\u00a0 Czwartek\u00a0\u00a0\u00a0\u00a0\u00a0\u00a0\u00a0\u00a0\u00a0\u00a0 7.30 &#8211; 14.30 \u00b7\u00a0\u00a0\u00a0\u00a0\u00a0 Pi\u0105tek\u00a0 \u00a0\u00a0\u00a0\u00a0 \u00a0 \u00a0 \u00a0\u00a0\u00a0 7.30 &#8211; 12.45 , 13.30 &#8211; 14.30 Serdecznie [&hellip;]<\/p>\n","protected":false},"author":1,"featured_media":0,"parent":0,"menu_order":0,"comment_status":"closed","ping_status":"closed","template":"","meta":{"footnotes":""},"class_list":["post-353","page","type-page","status-publish","hentry"],"_links":{"self":[{"href":"https:\/\/www.sp1wschowa.pl\/index.php?rest_route=\/wp\/v2\/pages\/353","targetHints":{"allow":["GET"]}}],"collection":[{"href":"https:\/\/www.sp1wschowa.pl\/index.php?rest_route=\/wp\/v2\/pages"}],"about":[{"href":"https:\/\/www.sp1wschowa.pl\/index.php?rest_route=\/wp\/v2\/types\/page"}],"author":[{"embeddable":true,"href":"https:\/\/www.sp1wschowa.pl\/index.php?rest_route=\/wp\/v2\/users\/1"}],"replies":[{"embeddable":true,"href":"https:\/\/www.sp1wschowa.pl\/index.php?rest_route=%2Fwp%2Fv2%2Fcomments&post=353"}],"version-history":[{"count":22,"href":"https:\/\/www.sp1wschowa.pl\/index.php?rest_route=\/wp\/v2\/pages\/353\/revisions"}],"predecessor-version":[{"id":12197,"href":"https:\/\/www.sp1wschowa.pl\/index.php?rest_route=\/wp\/v2\/pages\/353\/revisions\/12197"}],"wp:attachment":[{"href":"https:\/\/www.sp1wschowa.pl\/index.php?rest_route=%2Fwp%2Fv2%2Fmedia&parent=353"}],"curies":[{"name":"wp","href":"https:\/\/api.w.org\/{rel}","templated":true}]}}