{"id":304,"date":"2019-03-03T18:40:30","date_gmt":"2019-03-03T17:40:30","guid":{"rendered":"http:\/\/www.sp1wschowa.pl\/?page_id=304"},"modified":"2019-03-05T16:59:46","modified_gmt":"2019-03-05T15:59:46","slug":"maly-mistrz","status":"publish","type":"page","link":"https:\/\/www.sp1wschowa.pl\/?page_id=304","title":{"rendered":"Ma\u0142y Mistrz"},"content":{"rendered":"\n<p><strong>Ma\u0142y Mistrz.<\/strong><\/p>\n<p>Od wrze\u015bnia 2014 klasa Ia przyst\u0105pi\u0142a do udzia\u0142u w og\u00f3lnopolskim programie\u201d Ma\u0142y Mistrz\u2019\u2019, kt\u00f3ry jest wsp\u00f3\u0142finansowany przez Ministerstwo Sportu i Turystyki , a operatorem wojew\u00f3dzkim jest Szkolny Zwi\u0105zek Sportowy. Program ma na celu:\u00a0<br \/>&#8211; Zach\u0119cenie nauczycieli do prowadzenia atrakcyjnych form zaj\u0119\u0107 ruchowych zgodnie z nowa podstawa programow\u0105,<br \/>&#8211; Zach\u0119cenie uczni\u00f3w do podejmowania r\u00f3\u017cnych form aktywno\u015bci fizycznej,<br \/>&#8211; Rozwijanie sprawno\u015bci fizycznej ze szczeg\u00f3lnym uwzgl\u0119dnieniem uzdolnie\u0144\u00a0 koordynacyjnych.<\/p>\n","protected":false},"excerpt":{"rendered":"<p>Ma\u0142y Mistrz. Od wrze\u015bnia 2014 klasa Ia przyst\u0105pi\u0142a do udzia\u0142u w og\u00f3lnopolskim programie\u201d Ma\u0142y Mistrz\u2019\u2019, kt\u00f3ry jest wsp\u00f3\u0142finansowany przez Ministerstwo Sportu i Turystyki , a operatorem wojew\u00f3dzkim jest Szkolny Zwi\u0105zek Sportowy. Program ma na celu:\u00a0&#8211; Zach\u0119cenie nauczycieli do prowadzenia atrakcyjnych form zaj\u0119\u0107 ruchowych zgodnie z nowa podstawa programow\u0105,&#8211; Zach\u0119cenie uczni\u00f3w do podejmowania r\u00f3\u017cnych form aktywno\u015bci [&hellip;]<\/p>\n","protected":false},"author":1,"featured_media":0,"parent":0,"menu_order":0,"comment_status":"closed","ping_status":"closed","template":"","meta":{"footnotes":""},"class_list":["post-304","page","type-page","status-publish","hentry"],"_links":{"self":[{"href":"https:\/\/www.sp1wschowa.pl\/index.php?rest_route=\/wp\/v2\/pages\/304","targetHints":{"allow":["GET"]}}],"collection":[{"href":"https:\/\/www.sp1wschowa.pl\/index.php?rest_route=\/wp\/v2\/pages"}],"about":[{"href":"https:\/\/www.sp1wschowa.pl\/index.php?rest_route=\/wp\/v2\/types\/page"}],"author":[{"embeddable":true,"href":"https:\/\/www.sp1wschowa.pl\/index.php?rest_route=\/wp\/v2\/users\/1"}],"replies":[{"embeddable":true,"href":"https:\/\/www.sp1wschowa.pl\/index.php?rest_route=%2Fwp%2Fv2%2Fcomments&post=304"}],"version-history":[{"count":2,"href":"https:\/\/www.sp1wschowa.pl\/index.php?rest_route=\/wp\/v2\/pages\/304\/revisions"}],"predecessor-version":[{"id":493,"href":"https:\/\/www.sp1wschowa.pl\/index.php?rest_route=\/wp\/v2\/pages\/304\/revisions\/493"}],"wp:attachment":[{"href":"https:\/\/www.sp1wschowa.pl\/index.php?rest_route=%2Fwp%2Fv2%2Fmedia&parent=304"}],"curies":[{"name":"wp","href":"https:\/\/api.w.org\/{rel}","templated":true}]}}